termine g(-3).
8
Let g(k) = k**3 - 5*k**2 - 4*k + 2. Determine g(6).
14
Let u(b) = -b**3 - 6*b**2 + b + 4. What is u(-6)?
-2
Let s(x) = 14*x - 87. What is s(9)?
39
Let o(i) = i**2 - 17*i + 46. Calculate o(11).
-20
Let a(z) = z**2 + 9*z + 15. Determine a(-2).
1
Let i(b) = -b**2 + 3*b + 1. Give i(6).
-17
Let m(x) = x**3 - 18*x**2 + 3*x - 41. Give m(18).
13
Let h(m) = m**3 - 5*m**2 - 3*m + 11. Calculate h(5).
-4
Let p(g) = -3*g - 5. What is p(0)?
-5
Let l(h) = 37*h + 35. Determine l(-1).
-2
Let x(i) = 2*i**3 - 10*i**2 + 5*i + 8. Determine x(6).
110
Let k(l) = l**2 + 5*l - 46. Calculate k(5).
4
Let a(y) = y**3 + 5*y**2 - 3*y - 10. Determine a(-5).
5
Let t(n) = 2*n**2 - 8*n - 24. Calculate t(6).
0
Let b(j) = j**3 - 7*j**2 + 3*j + 9. Give b(7).
30
Let j(i) = -i**3 + 6*i**2 + 3*i - 7. Give j(5).
33
Let p(y) = 5*y + 11. Determine p(-9).
-34
Let h(o) = -o**2 + 2*o + 2. Calculate h(5).
-13
Let q(k) = k**3 - 8*k**2 + 14*k - 14. Determine q(6).
-2
Let x(u) = u**2 - 4*u + 28. Calculate x(8).
60
Let f(w) = 2*w**3 - w**2 - 3*w + 5. Give f(2).
11
Let h(c) = -c**3 - 10*c**2 - 8*c + 1. What is h(-9)?
-8
Let g(v) = v**2 - 7*v + 1. What is g(5)?
-9
Let o(g) = g**3 - 3*g**2 - 6*g - 4. What is o(4)?
-12
Let c(n) = -n + 55. Give c(20).
35
Let m(b) = b - 6. Determine m(12).
6
Let d(v) = -v**2 - 14*v - 16. Calculate d(-13).
-3
Let u(l) = 9*l**3 + l**2 + 2*l - 3. What is u(1)?
9
Let t(p) = p**3 + 16*p**2 + 13*p - 24. Give t(-15).
6
Let n(d) = 46*d**2 + d. Determine n(-1).
45
Let g(j) = -13*j + 30. What is g(9)?
-87
Let f(l) = l**3 - 10*l**2 + 7*l + 29. Give f(9).
11
Let i(q) = q**3 + 18*q**2 + 4*q + 25. Give i(-18).
-47
Let i(v) = 4*v**3 - v**2. What is i(-1)?
-5
Let s(k) = k**3 - 22*k**2 + 2*k - 36. Give s(22).
8
Let t(j) = -2*j**2 - j - 1. Give t(-2).
-7
Let m(a) = a**3 + a**2 + a - 11. Determine m(0).
-11
Let n(y) = y**3 + 3*y**2 - 9*y - 17. Give n(-4).
3
Let b(r) = 17*r - 17. Calculate b(-4).
-85
Let u(q) = q + 11. Calculate u(-17).
-6
Let s(x) = 2*x**3 + x**2 - 1. Give s(1).
2
Let n(v) = -3*v + 16. Determine n(8).
-8
Let k(b) = -4*b - 34. What is k(-15)?
26
Let b(x) = -x**3 - 8*x**2 + 5*x + 3. Determine b(-8).
-37
Let w(s) = -2*s**2 - 9*s + 2. Calculate w(-8).
-54
Let g(v) = -v**2 - 14*v - 10. Give g(-13).
3
Let m(q) = q**3 - 12*q**2 - q + 20. What is m(12)?
8
Let q(o) = 3*o**2 + 3*o - 3. What is q(2)?
15
Let o(i) = i**2 + 14*i + 18. What is o(-12)?
-6
Let z(s) = s**2 + 5*s + 129. Give z(0).
129
Let q(y) = -y**3 - 8*y**2 + 5*y + 4. Determine q(-8).
-36
Let q(l) = l**2 + 6. Determine q(0).
6
Let t(c) = 2*c - 2. Determine t(-13).
-28
Let n(i) = -i**3 + 13*i**2 - 11*i - 14. Give n(12).
-2
Let n(w) = 2*w**2 + w - 4. Determine n(2).
6
Let m(z) = -2*z**2 + 3*z + 3. What is m(5)?
-32
Let u(w) = w**2 - 14*w - 4. What is u(7)?
-53
Let y(u) = -u**2 - 19*u - 2. Determine y(-19).
-2
Let l(j) = -j**3 + 8*j**2 - 5*j + 2. Determine l(7).
16
Let w(s) = -s**3 + 5*s**2 - s + 10. What is w(5)?
5
Let o(v) = -11*v + 177. Calculate o(14).
23
Let k(t) = 24*t. Give k(-2).
-48
Let o(g) = g**3 + 16*g**2 - 56*g + 24. Calculate o(-19).
5
Let m(b) = -b**3 - 5*b**2 + 6*b - 7. What is m(-6)?
-7
Let i(a) = 2*a**2 + 20*a + 37. Calculate i(-8).
5
Let j(m) = m**3 - 10*m**2 + 20*m - 85. What is j(9)?
14
Let r(b) = -2*b**2 + 5*b + 7. What is r(-4)?
-45
Let z(m) = -m + 10. Determine z(8).
2
Let k(h) = -h**3 - 16*h**2 + 27*h + 10. Calculate k(-18).
172
Let q(m) = -3*m - 7. Calculate q(-5).
8
Let x(y) = -y**2 + 11*y + 19. What is x(15)?
-41
Let z(n) = 11*n - 20. Calculate z(-11).
-141
Let g(c) = c**3 - 19*c**2 - 40*c - 44. Calculate g(21).
-2
Let t(o) = o - 9. Give t(2).
-7
Let c(w) = 3*w + 37. What is c(-14)?
-5
Let l(u) = u**3 + 7*u**2 + u - 8. Determine l(-6).
22
Let s(u) = u**3 - 10*u**2 + 10*u - 6. Determine s(9).
3
Let p(c) = c**3 + 22*c**2 - 20*c + 63. What is p(-23)?
-6
Let b(n) = 35*n + 414. What is b(-12)?
-6
Let q(w) = -8*w**3 - 2*w + 1. Give q(2).
-67
Let o(y) = 15*y + 52. Determine o(-4).
-8
Let j(q) = q**2 - 5*q + 11. What is j(4)?
7
Let w(t) = 33*t + 44. What is w(-2)?
-22
Let x(l) = l**3 - 7*l**2 + 12*l - 5. Give x(5).
5
Let c(i) = -i**2 + 2*i + 13. What is c(7)?
-22
Let c(n) = n**3 + 11*n**2 - 14*n - 21. Determine c(-12).
3
Let v(d) = -7*d + 121. Determine v(17).
2
Let k(c) = -c**2 + 12*c + 20. What is k(11)?
31
Let j(p) = 2*p - 12. Give j(-14).
-40
Let i(j) = -2*j + 19. Determine i(6).
7
Let z(i) = -22*i + 2. Determine z(-1).
24
Let b(k) = 2*k + 25. What is b(-15)?
-5
Let i(u) = u**3 - 14*u**2 - 75*u + 21. What is i(18)?
-33
Let o(u) = 15*u + 21. Determine o(-4).
-39
Let x(d) = -d**3 + 4*d**2 + 13*d - 9. What is x(6)?
-3
Let o(c) = -c**3 - c**2 - 4*c - 18. Determine o(-4).
46
Let p(v) = v**3 + 6*v**2 + 7*v. Give p(-3).
6
Let k(l) = l**3 - 16*l**2 + 16*l + 2. Give k(15).
17
Let m(s) = -s + 44. Give m(43).
1
Let g(v) = -4*v**3 - 2*v**2 - 2*v - 1. Calculate g(-1).
3
Let v(h) = -h**3 + 10*h**2 - 6*h - 21. What is v(9)?
6
Let f(w) = 3*w**2 + 43*w - 27. What is f(-15)?
3
Let i(s) = 2*s**3 - 2*s**2 - 4*s + 4. Give i(1).
0
Let t(h) = 5*h - 17. Determine t(3).
-2
Let y(n) = -n - 17. Determine y(11).
-28
Let z(u) = u**3 - 12*u**2 + 8*u - 89. Calculate z(12).
7
Let k(d) = d**3 - 12*d**2 - 2*d + 18. Give k(12).
-6
Let z(o) = -3*o + 58. Determine z(22).
-8
Let c(v) = -v**2 - 10*v + 42. What is c(-13)?
3
Let o(u) = 3*u + 1. Calculate o(-11).
-32
Let r(f) = f**2 - 10*f + 11. What is r(9)?
2
Let u(c) = 2*c - 23. Give u(11).
-1
Let y(f) = -f - 10. Give y(-9).
-1
Let o(r) = -r**3 + 5*r**2 - 2*r + 9. Calculate o(5).
-1
Let w(h) = -4*h + 24. Determine w(5).
4
Let n(u) = 7*u + 72. Calculate n(-22).
-82
Let u(n) = n**3 - 6*n**2 - 12*n + 11. What is u(7)?
-24
Let x(v) = -4*v**2 - 2*v - 10. What is x(-3)?
-40
Let n(f) = 3*f + 58. What is n(-15)?
13
Let v(u) = u**3 + 6*u**2 - 6*u - 11. Calculate v(-6).
25
Let g(i) = -i**3 + 13*i**2 + 14*i + 3. Determine g(14).
3
Let s(n) = n**3 - 7*n**2 + n - 2. Determine s(7).
5
Let i(t) = -9*t**2 - t - 1. Give i(2).
-39
Let d(y) = y**3 + y**2 - 7*y + 1. Calculate d(-3).
4
Let g(w) = w**2 - 33*w + 16. Calculate g(32).
-16
Let m(b) = 31*b - 270. What is m(9)?
9
Let x(s) = s**3 + 12*s**2 + 21*s - 58. What is x(-9)?
-4
Let h(g) = g**3 - 8*g**2 + 8*g - 9. Calculate h(8).
55
Let z(j) = -j**3 - 27*j**2 + 2*j + 51. Give z(-27).
-3
Let o(v) = 3*v**2 - 58*v + 15. Calculate o(19).
-4
Let m(z) = -z**3 - z**2 + 2*z + 30. Determine m(0).
30
Let d(q) = -q**2 + 16*q + 15. Calculate d(17).
-2
Let h(j) = -j**2 + 2*j - 8. Calculate h(2).
-8
Let b(h) = 2*h + 30. Calculate b(-20).
-10
Let y(p) = -p**3 - 2*p**2 + 2*p - 38. What is y(0)?
-38
Let l(f) = -14*f - 1. What is l(-2)?
27
Let x(w) = 71*w - 863. Determine x(12).
-11
Let n(o) = 2*o**2 - 9*o + 16. Give n(3).
7
Let l(n) = -19*n - 83. Calculate l(-6).
31
Let a(h) = 2*h - 78. Determine a(0).
-78
Let g(l) = -48*l. Determine g(-1).
48
Let o(v) = v**3 - 15*v**2 + 3*v + 9. Give o(15).
54
Let s(v) = -37*v. Give s(-1).
37
Let j(i) = i - 7. Determine j(-10).
-17
Let k(w) = -5*w + 42. Calculate k(8).
2
Let q(d) = d**3 + 13*d**2 - 11*d + 7. What is q(-14)?
-35
Let n(y) = y**2 + 10*y + 23. Determine n(-5).
-2
Let y(w) = 2*w - 12. Determine y(8).
4
Let n(y) = y**2 - 33*y - 274. Give n(40).
6
Let n(d) = -5*d + 29. What is n(12)?
-31
Let u(v) = v**3 + 24*v**2 + 24*v + 26. Determine u(-23).
3
Let f(s) = s**2 - 9*s + 17. Determine f(7).
3
Let s(w) = w**2 - 4*w - 9. Give s(8).
23
Let q(n) = -3*n + 15. Determine q(-4).
27
Let j(a) = 4*a + 19. What is j(-7)?
-9
Let w(o) = o - 11. What is w(14)?
3
Let u(j) = 2*j + 21. Give u(-14).
-7
Let x(a) = 4*a**3 + 4*a**2 + 3*a + 1. Give x(-2).
-21
Let u(y) = -3*y**3 - 5*y + 4. Calculate u(0).
4
Let s(z) = 36*z**3 + z**2 + z. Determine s(-1).
-36
Let n(j) = -58*j - 237. Calculate n(-4).
-5
Let p(l) = 4*l + 2. Calculate p(-3).
-10
Let j(a) = -a**2 - a + 5. What is j(3)?
-7
Let v(x) = -2*x**3 - 4*x**2 - 14*x - 27. Give v(-2).
1
Let j(m) = m**3 - 12*m**2 - 17*m - 143. Calculate j(14).
11
Let b(k) = k**3 + 20*k**2 - k - 4. Calculate b(-20).
16
Let s(z) = -9*z - 18. Give s(-5).
27
Let b(v) = v - 5. Calculate b(0).
-5
Let t(p) = -39*p - 109. Determine t(-2).
-31
Let l(t) = -t**2 + 13*t - 35. Give l(7).
7
Let i(a) = a**3 - 12*a**2 + 6*a + 11. Determine i(12).
83
Let k(b) = -b**3 - 6*b**2 + 8*b + 12. Determine k(-6).
-36
Let c(